24 + 316 - (-5 - 43)
40
What is (6 + -5 - (37 + -50)) + 14?
28
What is the value of 15 - (-17 + 24) - (-20 - 1) - (-11 - -1)?
39
What is 2 - (-3 + 4 + -18 - -7 - (-13 + 16))?
15
-10 - 3 - (-627 - -665)
-51
What is the value of -23 + 30 + -3 - (3 - ((-2 - 3) + -59))?
-63
Calculate 13 + (29 - 50) + 95 - 20.
67
Evaluate 31 - ((-23 - -47) + 44).
-37
What is the value of -20 + (-20 - -44) + 19 + -121?
-98
Calculate -12 - (-74 + 89 + 1 + -1).
-27
What is the value of 2 + (-49 - -98) - (20 - (-1 - -3))?
33
9 + 0 + 14 + -17 + 28
34
Evaluate -6 - -24 - (5 + (11 - 9)).
11
What is -16 + 2 - (-94 + 106 - (18 - -1))?
-7
What is the value of -159 - -112 - (-67 + 11)?
9
Calculate (-66 - (-53 + 42)) + 62.
7
(-9 - 30) + -74 + 80
-33
What is 61 + -8 + (12 - 0) + (13 - 33)?
45
Calculate -10 + (-73 - 16) + (17 + -2 - (11 - 11)).
-84
2 + (-2 - (85 - -34 - 34))
-85
Calculate -97 + 105 - (106 + (-7 - 5)).
-86
-2 - 67 - -2 - (15 + -12 - 16)
-54
What is -43 - (-4 + -6 + 1) - (45 + -27)?
-52
5 + -6 + -10 + (5 - (-4 + 6 + -6))
-2
(-2 - -10 - 49) + -10 + 36
-15
Calculate 54 + (-47 + 28 - 12).
23
Calculate (-44 - 21 - -5) + -72 + 112.
-20
Evaluate 38 + -9 - (48 + (-18 - 13)).
12
What is the value of -15 + (-13 - 36 - (-11 - -42))?
-95
What is 1 + 31 + 25 + -50?
7
What is (-40 - -29) + 68 + -4 + 0 - (-1 + -1)?
55
What is the value of 1 - (-2 + 13 + -2) - (-217 - -223)?
-14
Calculate (-24 - (64 - (25 - -6))) + -32.
-89
What is -26 + (161 + -107 - (1 + 17))?
10
Calculate (10 - 7) + -13 + 21 + (-63 - 2).
-54
What is the value of 114 + -154 + 18 - 63?
-85
What is the value of (6 - -1) + (18 - 78) + 112 + 1 + 13?
73
What is the value of -2 - ((13 - -1) + -3 - (-18 + 21))?
-10
What is the value of 10 + -10 - -19 - 11 - 6?
2
(32 - (-12 + -6)) + (-33 - -29 - (-4 + 0))
50
What is 65 + 45 + -10 + -51?
49
What is the value of (1 - -8) + -2 + 4 + -11 + (16 - 4)?
12
Evaluate (-22 - -2 - (20 - 17)) + (-119 - -12).
-130
What is (27 - (5 + -2)) + (42 + -8 - 41)?
17
What is the value of -52 + (-39 - -27) - -37?
-27
3 - (-1 + (-3 - -12)) - (53 - 66)
8
What is the value of -87 + -87 + 66 + -4?
-112
What is (22 - 43) + (25 - -51)?
55
What is the value of -22 - (18 + -49) - (10 + (6 - 30))?
23
Evaluate (2 - (-1 - -7) - (-40 + -12 + -13)) + 14.
75
What is (-10 - (-12 + 81 - -6)) + (-6 - -12) + -6?
-85
What is 13 + 13 + 39 + 10 + -15 - 4?
56
Calculate -142 - (105 + -254) - (0 + -95).
102
What is 9 - (3 - 1 - 1) - (159 + -188)?
37
-3 + 5 + 7 + -12 - (29 - 3)
-29
Evaluate 75 + -13 + -22 - 21.
19
Evaluate 12 + -76 + (19 - (13 + -1)) + -18.
-75
-2 - (-1 + -12) - (3152 + -3147)
6
Evaluate (5 - (0 + -2)) + (13 - (-21 + 21) - -15).
35
What is the value of -4 + (-11 - (-43 - -13)) + -17 + (33 - 1)?
30
What is 0 + 2 + 7 - (-1 + (-12 - 17))?
39
What is the value of (-6 - (0 + 5 + (-61 - -50))) + -50 + 55?
5
Calculate (-18 + -23 - -30) + 6 + (-77 + -5 - -9).
-78
What is the value of 7 + 0 + 1 + (39 - -11 - 10) + -156?
-108
What is the value of (-8 + 4 - -1) + -27 - (-22 - -40)?
-48
Calculate 3 - 3 - -17 - (-72 - -134).
-45
Evaluate -14 + (5 - (1 - 2)) + -252 + 236.
-24
Evaluate (-9 - -7 - -17) + -21 + -1 + 3.
-4
What is -93 + 268 + -54 + -15?
106
Evaluate 2 + (0 - 12) + 2222 + -2254.
-42
(-12 - 41 - -6) + -16
-63
Calculate (80 - (29 - (14 + 5))) + (-1 - 0) + -2.
67
Evaluate (-39 - 26 - -38) + 60.
33
What is 6 + -22 - (-28 + (-39 - -70))?
-19
9 - ((-1 - -9) + 6 - 11) - 40
-34
-8 + 30 + -39 + 9 - (0 - -10)
-18
Calculate 4 + (-3 - -8) + 8 + (5 + -13 - -1).
10
Calculate -14 + 4 + 29 + 15 + -56.
-22
What is 3 + -8 + -1 + 1 + (-3 - -9)?
1
What is -99 - (1 - (33 - -50))?
-17
Evaluate -5757 + 5795 + (-2 - -27).
63
What is -14 + 11 - (5 + (-10 - -14 - 12))?
0
Evaluate -40 + -32 + (-13 - (3 + -38)).
-50
Calculate 30 + (98 - 80) + -49.
-1
(4 - (-6 - -4)) + (66 - (18 + (2 - 30)))
82
Calculate (-6582 - -6617) + (0 - (25 + 2)).
8
What is -8 + (0 - -2) + 136 + (-70 - -3)?
63
What is 12 + (5 - (3 + (11 - -3))) - -91 - 11?
80
What is the value of -110 + -20 + (3 - -101)?
-26
-3 + 25 + (45 - 132) + -3 + -1
-69
What is the value of 9 - -2 - ((-39 + 97 - 16) + (-10 - -2))?
-23
What is the value of -832 + 826 + (-28 - (-5 + 4))?
-33
What is the value of 96 - 4 - (16 - (6 + 6 + -10))?
78
Calculate -15 - -9 - (4 - (-31 + 42 - (2 + -60))).
59
Evaluate -105 + (-114 + 243 - 70).
-46
Calculate 127 + -10 - 3 - (-8 - (0 + 11 + -25)).
108
What is the value of -8 + -2 + 2 + 7 + -45 - -14?
-32
Evaluate 19 + (-88 - -53) + (9 - 8 - -5).
-10
(1 - (-1 - -5)) + -15 + (55 - 102)
-65
5 - (11 + -10) - (-1 + -3 + 11)
-3
What is the value of -16 - (17 + -41) - (1 - 4) - 5?
6
Evaluate -79 + 104 + -43 + 57.
39
Evaluate 85 + 1 - (-6 - (-31 + 31 + 2)).
94
(1 - -3) + (4 - (22 + 14))
-28
What is the value of (9 - ((-48 - 21) + 8)) + -15?
55
Evaluate 48 + -334 + 320 + (4 - -2).
40
Calculate 4 + ((-1 - -10) + 0 + -5 - 0) - -10.
18
Calculate -21 - (-12 + 6 + 5 + -13 - -6).
-13
What is the value of -77 - -21 - -15 - -35 - -108?
102
What is 104 + -107 + 57 + -106?
-52
Calculate (-2 - 18) + -25 + 29 - (1 + -39 - 75).
97
Calculate -11 + ((22 - 64) + 32 - (2 + (1 - 12))).
-12
What is the value of 66 + -15 - (30 + 57)?
-36
-26 + 11 + -11 + 54 + -25
3
What is the value of 17 + 49 + -28 + -32 + -82?
-76
Evaluate 48 + (13 - -5 - 9) + 28.
85
What is the value of (-345 - -317) + 39 + 23?
34
What is 20 + 22 + -35 - (11 + 7) - (-1 + 16)?
-26
What is the value of -10 + 6 + 9 + -8 + -1 - (-26 - -17)?
5
(-24 + -31 - -54) + (-2 - 8)
-11
What is the value of 1167 - 1378 - (-93 + -2)?
-116
Evaluate (-42 - (-5 + -36)) + (-51 + 5 - -6).
-41
Calculate (20 - (14 - 39)) + -67.
-22
What is the value of 3 + (6 - (-2 + (6 - 3))) + 21 + -31?
-2
Calculate 15 + -118 - -100 - (-1 + -19) - (14 - -1).
2
What is -17 + (-58 + 17 - -48)?
-10
Evaluate (-16 + -1 - (580 + -566)) + (-2 - (-3 + -3)).
-27
What is 51 + (47 + -80 - (-25 - (-20 - -11)))?
34
Calculate 12 - (40 - ((-10 - (-9 + 9 + -5)) + 8)).
-25
Calculate -1358 - -1367 - (4 + -1 + -5 + -5).
16
What is (16 + 0 - (173 - 163)) + -17?
-11
1 + -41 + -424 + 122 + 325
-17
Evaluate -7 - (-10 + (9 - 2) + (17 - 91)).
70
Evaluate -19 - (-111 + 7 + 42).
43
-25 - (-8 - (25 - -28))
36
-63 - (-130 + 101 + 50)
-84
What is -21 - ((38 - 5) + -29 + -9)?
-16
Calculate 36 + -53 + -22 + 38.
-1
Calculate -3 + -33 + 2 + 48 - (-18 + 0).
32
(19 - ((-12 - 6) + 152)) + 12
-103
(27 - (81 - 42)) + (35 - (4 + (-5 - 1)))
25
Calculate (-6 - -2 - 8) + (-52 - -35).
-29
What is the value of -707 - -705 - (-53 + -8 + 4 + 2)?
53
Evaluate 19 - (23 + 2 + -38 - (-3 + 0)).
29
Evaluate -42 + (81 - (18 + 43)).
-22
(6 - (6 + -6 + -2)) + -187 + 131
-48
Calculate -24 + 8 + (46 + -52 - ((9 - -4) + -3)).
-32
-15 + 2 - (-1939 - -1929)
-3
Evaluate (-42 - (21 - (60 - 19))) + 16.
-6
What is the value of 59 - (-4 - -55) - -39?
47
What is -45 - (-111 + 119 - (-15 - 3))?
-71
-18 - (-25 + (-1 - -31) + -15 + -71)
63
-41 - ((-3 - 3) + 15 - (-19 + 30)) - 7
-46
377 + -366 - (2 + -4 + 0) - 7
6
-36 - 24 - (-3 + -24)
-33
Evaluate (4 - -18) + 30 + (28 + -40 - -21).
61
What is the value of 31 + 3 + 26 + -23 + 13 + -9 + -2?
39
3 + (0 - 0) + (-304 - -158) + 134
-9
Calculate (-5 + 24 + -11 - -55) + -7 + (2 - -6).
64
Calculate (21 - (7 - 1)) + (176 - 243).
-52
Evaluate -1 + -23 - (-56 + -28).
60
Calculate -52 + (147 - (-114 + 267)).
-58
(27 - 69) + 40 + -22 + (3 - (3 + 0))
-24
What is 79 + (38 - 21) + -53?
43
What is the value of 5125 + -5132 + 0 + 27?
20
What is the value of 26 - (577 - 544 - (1 - 73))?
-79
What is the value of -5660 - -5685 - (7 + -1)?
19
What is the value of (27 - (15 + -10)) + 20 + -43?
-1
What is -86 + (215 - (-72 - -174))?
27
Calculate (17964 - 18120) + (44 - (-2 + 0)).
-110
What is (-77 - -73 - (-6 - 16)) + -22?
-4
What is the value of (13 - (-9 - 3)) + -14 + -5 + 12?
18
What is the value of -100 + 72 - 30 - (-2 - 11)?
-45
(-1 + 4 - -9) + (76 - (49 - 25))
64
What is 65 - -15 - (17 - 22)?
85
What is the value of -3156 + 3274 - (-2 - ((-6 - -3) + 20))?
137
What is -49 + (-43 - -121 - 22)?
7
What is 61 - (-53 - -61) - 36?
17
What is 17 + -1 + 22 + (40 - 77)?
1
What is the value of -144 + 53 + 14 - (-1 + -23)?
-53
(148 + -160 + (-1 - -7) - 2) + -40
-48
What is the value of (7451 - 7435) + -39 + 1?
-22
39 + (40 - 75) + 33 - (5 - -1)
31
3 + (10 - 130) + 54
-63
-9 + (-13 - 37) + 62